s of (-42)/i*-1 - -1.
3, 5
Let d(v) = 4*v - 3 + 3*v**2 - v**2 - v**2. Let z = -8 - -3. List the prime factors of d(z).
2
Let h(c) = 2 + 5*c - 2 + 2*c**3 - 3*c**3 + 7*c**2 - 3. Let x be h(6). Suppose 0 = 5*p - 27 - x. List the prime factors of p.
2, 3
Let p be (180/14)/(39/182). Let q = -141 + p. Let d = q - -146. List the prime factors of d.
5, 13
Let w = -4 + 12. Suppose 0*a = -2*a + w. List the prime factors of (a/(-3))/((-18)/135).
2, 5
List the prime factors of 481 + -7*(-8 - -9).
2, 3, 79
Let v be (-2)/(-8)*(6 + 2). Suppose -31 = -5*m + i + i, 0 = -5*m - v*i + 39. Suppose -5*f - m = -67. What are the prime factors of f?
2, 3
Suppose -p = 3*a + 9, 0*a + 3*a + 9 = -4*p. Let w = p + 0. Suppose w = 2*n + 3*n - 80. What are the prime factors of n?
2
Let j = 87 + -91. What are the prime factors of (260 - (6 - 3)) + (0 - j)?
3, 29
Suppose 0 = 22*m - 0*m - 16698. List the prime factors of m.
3, 11, 23
Let s be 4/8*(1 + -1). Suppose -2*b = -4*z + 624, -3*z + b = -s*z - 470. Let p = z + -87. List the prime factors of p.
71
Let u(f) = 45*f**2 - 26*f + 54. List the prime factors of u(7).
31, 67
Let f = 3 + 1. Let o be (-3)/(3*4/(-44)). Suppose f*p - o - 29 = 0. List the prime factors of p.
2, 5
Let i(l) = -l**3 - 5*l**2 - 6*l - 6. Let u be i(-3). What are the prime factors of (-2 - u) + (116 - -6)?
2, 3, 7
Let r(f) = f**3 - 5*f**2 - 4*f - 2. Let u be r(7). Suppose 5*s + 72 + u = 0. What are the prime factors of 1/(1/s*-2)?
2, 7
Let p = -32 - -37. Suppose -l = -u - 17, -9 - 11 = p*u. What are the prime factors of l?
13
Let r be (-3)/((-3)/(-4))*-4. Suppose 0 = -3*c + 7 - 46. Let b = c + r. List the prime factors of b.
3
Let f = 765 + -316. What are the prime factors of f?
449
Let y(c) = 6*c - 14. Let g be y(4). Suppose -330 = -5*b - g. Suppose -3*a = -b - 65. List the prime factors of a.
43
Let m = 54 + -54. Suppose m = 16*n - 18*n + 288. What are the prime factors of n?
2, 3
Let j = -26 + 28. Let k be 77/(-1) + j + -3. Let l = k - -133. What are the prime factors of l?
5, 11
Let m(f) = 9*f - 4. Let d be m(12). What are the prime factors of ((-2)/(-4))/(0 + 4/d)?
13
Suppose -4*p - 2*u = -7*u - 917, 3*p - 3*u = 684. What are the prime factors of p?
223
Let t(b) = -b**3 + 5*b**2 + 3*b + 15. Let y(m) = 6*m**2 + 4*m + 14. Let z(h) = 2*t(h) - 3*y(h). What are the prime factors of z(-5)?
2, 17
Suppose -2*y + 16 = m + 2, 4*y - 14 = 5*m. Let x be (2/y)/((-5)/15). List the prime factors of x*(69 - 0)/(-3).
23
Suppose -25835 = -22*u + 38867. What are the prime factors of u?
17, 173
Let s = -1295 - -2785. What are the prime factors of s?
2, 5, 149
Let p(w) be the second derivative of 21*w**5/20 + w**3/6 - 4*w. Suppose 0 = -3*d - 0 + 3. What are the prime factors of p(d)?
2, 11
Let c(b) = -b + 9. Let o be c(6). Suppose o*w = 8*w - 895. List the prime factors of w.
179
Suppose -2*g + 2278 = -4*s + 542, 3*s - 4353 = -5*g. What are the prime factors of g?
2, 3, 5, 29
Suppose 2*k - 4 = 3*x - 0, 5*x - 4 = -2*k. Let z be (-5)/(15/(-4))*12. List the prime factors of k/2*-2 + z.
2, 7
Let v be ((-36)/(-15) + -3)*-5. Suppose 208 = 4*g - 0*h + v*h, 4*g - 188 = 2*h. Let l = 79 - g. What are the prime factors of l?
2, 3, 5
Let s(l) = 70*l - 115. What are the prime factors of s(16)?
3, 5, 67
Let k = -31 - -215. What are the prime factors of k?
2, 23
List the prime factors of ((-44366)/(-42) + 3)*(-3)/(-2).
7, 227
Suppose -5*u + 0*u = 1480. Let j = -121 - u. List the prime factors of j.
5, 7
Let o(u) = u**3 + 23*u**2 - 51*u - 65. List the prime factors of o(-24).
11, 53
Let d(y) = y**2 + y**3 - 30*y + 31*y - 2*y**2. Let t(r) = -4*r**3 - 5*r**2 + 9*r + 3. Let v(o) = -3*d(o) - t(o). What are the prime factors of v(-9)?
2, 3
Let r(n) = 2*n - 12. Let z = -5 + 5. Suppose -3*o + 2*l = -0*l - 30, z = -5*l. What are the prime factors of r(o)?
2
Let a(t) be the third derivative of -t**6/720 - t**5/24 - t**4/6 - 5*t**2. Let k(m) be the second derivative of a(m). What are the prime factors of k(-9)?
2
Let w be (-3)/(-1) - (-4 - 5). Let r be ((-69)/w)/(2/(-8)). Let s = r - 14. List the prime factors of s.
3
Suppose 2*d - 2 = 2*i - 20, 33 = -4*d + i. Let f(p) be the first derivative of p**3/3 + 2*p**2 - 9*p + 1. What are the prime factors of f(d)?
23
Let j = 1523 + 267. What are the prime factors of j?
2, 5, 179
Let w(n) = 2*n**2 - 12*n + 16. Let z(d) = d**3 - 13*d**2 + 13*d - 4. Let l be z(12). List the prime factors of w(l).
2, 3
Let i(f) = 26*f + 6. Let l be i(17). Suppose -3*q - 174 = 2*x - l, -2*x = -3*q + 266. What are the prime factors of q?
2, 3, 5
Suppose 6*x - 986 = 4*x + 4*f, 965 = 2*x + 3*f. List the prime factors of x.
487
Let w(l) = -3*l**3 + 3*l**2 - 15*l + 21. List the prime factors of w(-6).
3, 17
Let b = -11 + 13. Suppose -b*x + 4 = 12. List the prime factors of ((-8)/(-12))/(x/(-234)).
3, 13
Let c = 458 - 259. What are the prime factors of c?
199
Let x(g) = g**2 + g + 3. Let f be x(3). Let v(z) = z**2 - 11*z + 1. List the prime factors of v(f).
61
Let k(j) = 5*j + 12. Let x(o) = -4*o - 12. Let f(q) = 3*k(q) + 4*x(q). Let i be f(-9). Let h(u) = -u**3 - 3*u**2 - 3*u + 2. What are the prime factors of h(i)?
11
Let r be (-2)/(-6) + (-242)/6. Let c = r + 48. List the prime factors of c.
2
Suppose 2*v - 3 + 49 = 0. Let i = v + 34. What are the prime factors of i?
11
Suppose 4*l - 12 = 4*n, -2*n + 0*n - 15 = -5*l. Let s(z) = 2*z**2 - 3*z + 189. What are the prime factors of s(n)?
3, 7
Let d(g) = g**2 - 16*g - 17. Let y be d(18). Suppose 6*l - y*l = -2119. List the prime factors of l.
163
Let l(k) = -4*k + 27. Let i be l(11). Let u = 33 + i. List the prime factors of u.
2
Let k be 9/21 - 137/(-7). Suppose -w = -6*w - k, 82 = 5*h - 3*w. What are the prime factors of h?
2, 7
Let y(i) = i**2 - 4*i - 9. Let d(p) = p**2 - 9*p - 19. Let b(w) = -2*d(w) + 5*y(w). What are the prime factors of b(3)?
2, 7
Let p = 324 - 247. What are the prime factors of p?
7, 11
Let z(q) = -7*q + 16. Let a be z(-14). Let i be 3/(-7) - a/(-21). Suppose 0 = -2*r + 5 + 3, i*c - 5*r - 120 = 0. List the prime factors of c.
2, 7
Suppose -3282 + 588 = -6*v. What are the prime factors of v?
449
Let c = -321 + 1906. List the prime factors of c.
5, 317
Let r(d) = -6*d - 5. Let k be r(-2). Suppose -392 - 42 = -k*y. List the prime factors of y.
2, 31
Suppose 3*v = 0, -5*l = 3*v + 35 - 160. Suppose -90 = s + l. Let a = -66 - s. What are the prime factors of a?
7
Suppose 0 = -9*p + 1326 + 1572. List the prime factors of p.
2, 7, 23
Let q(w) be the second derivative of -10*w**3/3 + 11*w**2/2 + 13*w. List the prime factors of q(-4).
7, 13
Suppose -3*u = 3*m + 2*u - 24, 0 = -m - 4*u + 8. Let w = -4 + m. Suppose -5*j = -2*f + 105, -100 = -0*f - 2*f + w*j. List the prime factors of f.
2, 5
Suppose -27*o + 30*o = 18. What are the prime factors of ((-1)/o)/(2/(-36))?
3
Let j(t) = 0*t + 10 + 8*t - 2*t + t**2. Let i(g) = -6*g + 125. Let p be i(22). What are the prime factors of j(p)?
17
Suppose -13 - 23 = 4*k. Let i = 11 + k. What are the prime factors of -4*(-1 + i/(-1))?
2, 3
What are the prime factors of (-7 + 217/35)/((-4)/2110)?
2, 211
Let x(g) be the second derivative of -3*g**5/4 - g**4/12 + g**3/6 + g**2/2 + 8*g. List the prime factors of x(-1).
2, 7
Let y = -1777 + 2863. List the prime factors of y.
2, 3, 181
List the prime factors of 15 + (-3 - 10) - -689.
691
Let q be -11*((-2)/(-2))/((-3)/15). Suppose 187 = 3*v + q. List the prime factors of v.
2, 11
What are the prime factors of (19/4 - 5) + 16425/20?
821
Let b(r) = r**3 - r - 1. Let f(k) = 68. Let h(m) = b(m) + f(m). What are the prime factors of h(0)?
67
Let s(i) be the second derivative of -i**5/20 - 5*i**4/12 - i**3/6 - i. Let h be s(-5). Suppose -47 = h*r - 6*r. What are the prime factors of r?
47
Let i = -19 + 34. Let w = i + 1. What are the prime factors of w?
2
Let r be 6*((-1)/(-2) - 0). Suppose 1655*a = 1661*a - 24. Suppose -119 = -r*u + a*g, g + 41 = u - 0*u. List the prime factors of u.
3, 5
Let u be (-6)/4*64/(-12). Suppose -15 = -5*a - 7*m + 2*m, -3*a + u = 2*m. Suppose 0 = 3*l - 2*j - j - 30, -3*l + 28 = -a*j. List the prime factors of l.
2
Suppose -4*k = -2*q + 8, 0 = 2*k + 2*q + 5 + 11. Let r(v) = -10*v - 15. What are the prime factors of r(k)?
5
Let y = 9 + -4. Suppose y*w = 3*w + 28. Suppose -3*b - 2*a = -4, -4*b + w - 2 = a. What are the pri